at is the hundred thousands digit of 6600889383?
8
What is the millions digit of 890767212?
0
What is the units digit of 214139622?
2
What is the ten millions digit of 180305657?
8
What is the millions digit of 443818097?
3
What is the units digit of 2791507237?
7
What is the hundreds digit of 205267593?
5
What is the hundreds digit of 577788692?
6
What is the ten millions digit of 32587656?
3
What is the ten millions digit of 485563373?
8
What is the millions digit of 3248005244?
8
What is the ten thousands digit of 39800751?
0
What is the ten millions digit of 24936584?
2
What is the hundred thousands digit of 2112176975?
1
What is the thousands digit of 199481994?
1
What is the tens digit of 202555185?
8
What is the ten millions digit of 317483221?
1
What is the millions digit of 15280215?
5
What is the hundred thousands digit of 552660891?
6
What is the ten millions digit of 164755359?
6
What is the tens digit of 14781586?
8
What is the hundred thousands digit of 435681365?
6
What is the hundred thousands digit of 46387073?
3
What is the thousands digit of 97867294?
7
What is the tens digit of 322461772?
7
What is the ten millions digit of 712009395?
1
What is the ten thousands digit of 73438331?
3
What is the millions digit of 42012812?
2
What is the ten millions digit of 68978853?
6
What is the millions digit of 92927088?
2
What is the hundred thousands digit of 1983096484?
0
What is the hundred millions digit of 258727425?
2
What is the tens digit of 51430855?
5
What is the hundred millions digit of 300427717?
3
What is the hundred thousands digit of 3218868464?
8
What is the hundred thousands digit of 1033034222?
0
What is the millions digit of 772467926?
2
What is the thousands digit of 177523709?
3
What is the millions digit of 20037106?
0
What is the millions digit of 3248258?
3
What is the hundreds digit of 165087724?
7
What is the hundreds digit of 814134318?
3
What is the millions digit of 9139582?
9
What is the millions digit of 281119709?
1
What is the thousands digit of 190567881?
7
What is the hundred millions digit of 1752421901?
7
What is the units digit of 80133682?
2
What is the ten thousands digit of 157128528?
2
What is the ten thousands digit of 23529261?
2
What is the ten millions digit of 275473213?
7
What is the hundreds digit of 731336921?
9
What is the millions digit of 1214066091?
4
What is the ten millions digit of 184767563?
8
What is the hundred millions digit of 297048563?
2
What is the tens digit of 116401082?
8
What is the hundred millions digit of 105344663?
1
What is the millions digit of 27872948?
7
What is the thousands digit of 5113673776?
3
What is the ten millions digit of 375821654?
7
What is the thousands digit of 79363168?
3
What is the units digit of 2297571779?
9
What is the billions digit of 1123201660?
1
What is the ten millions digit of 118032413?
1
What is the hundred millions digit of 211870480?
2
What is the hundreds digit of 394469332?
3
What is the thousands digit of 359580367?
0
What is the ten thousands digit of 668505407?
0
What is the thousands digit of 101220108?
0
What is the hundreds digit of 11326101?
1
What is the ten thousands digit of 223036157?
3
What is the millions digit of 415077467?
5
What is the units digit of 3812974?
4
What is the ten millions digit of 3174412924?
7
What is the tens digit of 38025957?
5
What is the ten thousands digit of 6039261115?
6
What is the hundreds digit of 155688100?
1
What is the hundreds digit of 190191088?
0
What is the tens digit of 197377084?
8
What is the ten millions digit of 1033547077?
3
What is the ten thousands digit of 17938657?
3
What is the hundreds digit of 44577648?
6
What is the hundreds digit of 18169659?
6
What is the billions digit of 4137383583?
4
What is the tens digit of 114874014?
1
What is the millions digit of 3044670206?
4
What is the units digit of 1189120297?
7
What is the tens digit of 42283441?
4
What is the units digit of 1225369992?
2
What is the ten thousands digit of 1964505?
6
What is the ten millions digit of 53122232?
5
What is the hundred thousands digit of 293227865?
2
What is the ten thousands digit of 342696161?
9
What is the tens digit of 456545367?
6
What is the units digit of 43654755?
5
What is the tens digit of 2563825?
2
What is the tens digit of 956733804?
0
What is the hundreds digit of 723080950?
9
What is the hundreds digit of 25255784?
7
What is the thousands digit of 21442096?
2
What is the thousands digit of 5207598?
7
What is the ten thousands digit of 915323830?
2
What is the units digit of 66559463?
3
What is the ten millions digit of 1038983117?
3
What is the units digit of 729214927?
7
What is the hundred millions digit of 113946355?
1
What is the units digit of 769495099?
9
What is the hundred thousands digit of 351067688?
0
What is the hundreds digit of 131329363?
3
What is the ten millions digit of 43072850?
4
What is the thousands digit of 569866258?
6
What is the thousands digit of 475497904?
7
What is the millions digit of 45626495?
5
What is the units digit of 686624773?
3
What is the hundred millions digit of 406332838?
4
What is the millions digit of 673131856?
3
What is the ten millions digit of 2379195594?
7
What is the thousands digit of 70264389?
4
What is the units digit of 160823731?
1
What is the thousands digit of 23004459?
4
What is the billions digit of 1426710145?
1
What is the ten thousands digit of 1805825752?
2
What is the millions digit of 59734348?
9
What is the ten thousands digit of 2460658?
6
What is the hundred thousands digit of 1294244425?
2
What is the millions digit of 1743915440?
3
What is the ten millions digit of 1175823779?
7
What is the hundreds digit of 409682016?
0
What is the ten thousands digit of 276950699?
5
What is the ten thousands digit of 61701864?
0
What is the millions digit of 563860307?
3
What is the tens digit of 90460223?
2
What is the tens digit of 622972890?
9
What is the thousands digit of 2679466960?
6
What is the hundred thousands digit of 24559321?
5
What is the ten millions digit of 1046100997?
4
What is the ten thousands digit of 31131318?
3
What is the ten millions digit of 2643280771?
4
What is the thousands digit of 4655994951?
4
What is the ten thousands digit of 150975675?
7
What is the units digit of 223227483?
3
What is the thousands digit of 1243456465?
6
What is the units digit of 1288047573?
3
What is the thousands digit of 578293562?
3
What is the hundred thousands digit of 537200963?
2
What is the hundred thousands digit of 194120056?
1
What is the units digit of 80236543?
3
What is the ten thousands digit of 15112931?
1
What is the hundred millions digit of 196845565?
1
What is the millions digit of 151614675?
1
What is the millions digit of 63404026?
3
What is the ten millions digit of 73855257?
7
What is the hundreds digit of 36188085?
0
What is the tens digit of 228318376?
7
What is the tens digit of 84740860?
6
What is the millions digit of 91577035?
1
What is the millions digit of 49216899?
9
What is the ten millions digit of 49364084?
4
What is the thousands digit of 197383146?
3
What is the tens digit of 89033969?
6
What is the hundred thousands digit of 6412902?
4
What is the units digit of 275307732?
2
What is the tens digit of 5778179022?
2
What is the tens digit of 139993548?
4
What is the tens digit of 80753886?
8
What is the hundred millions digit of 722905156?
7
What is the units digit of 103892231?
1
What is the millions digit of 152321863?
2
What is the hundred thousands digit of 33703625?
7
What is the thousands digit of 144518717?
8
What is the millions digit of 2296486723?
6
What is the tens digit of 3633555?
5
What is the ten millions digit of 3942216188?
4
What is the hundred thousands digit of 405458772?
4
What is the ten millions digit of 83249937?
8
What is the hundred thousands digit of 3676675554?
6
What is the millions digit of 2853470852?
3
What is the thousands digit of 156551947?
1
What is the tens digit of 3101770474?
7
What is the hundreds digit of 665868507?
5
What is the tens digit of 419515901?
0
What is the ten thousands digit of 128484423?
8
What is the thousands digit of 219880222?
0
What is the thousands digit of 2420087?
0
What is the ten millions digit of 20583639?
2